, -5*x + u - m = 0. Calculate q(x).
5
Let n be 3 - (-1)/(4/8). Suppose -c + 21 = -n*o + 64, c + 3 = 0. Let m be ((-2)/o)/((-15)/120). Let w(j) = -j**2 - j. Determine w(m).
-6
Let n be -4 - -1 - -2*1. Let d(x) be the second derivative of x**5/60 + x**3/6 - 5*x. Let t(z) be the second derivative of d(z). Calculate t(n).
-2
Let s(q) be the second derivative of -q**5/20 + q**4 - 5*q**3/3 + 3*q - 14. Calculate s(11).
11
Suppose -25*p = 5*r - 26*p + 23, -3*p + 33 = -6*r. Let v(o) = 2 + 2*o - 1 + 0. Determine v(r).
-7
Let z(x) be the third derivative of -x**5/10 - x**4/6 - x**3/3 - 255*x**2. Give z(-2).
-18
Let p be (-32)/(-14) + 2/(-7). Let f(z) = 3*z - z**2 + p + z**3 - 5*z**2 + 4. Let o = -345 + 350. Calculate f(o).
-4
Let b(j) = -2*j**2 + j + 1. Let y(d) = 24*d - 4. Let i be y(2). Let t be 8/i + 42/11. Suppose 4*v = 4*a - 4, a = 4*v + t + 3. Calculate b(a).
-2
Suppose -5*y + 4*y = 3*z - 32, -z = 2*y - 19. Let q(u) = -u + 15. Give q(z).
6
Suppose -6 + 30 = 6*m. Let a(x) = x + 0 - 1 + m - 1. Calculate a(-1).
1
Let r(t) = t**3 + 3*t**2 - 5*t - 1. Let a(k) be the second derivative of -k**4/12 + 3*k**3/2 - 6*k**2 + 8*k. Let x be a(8). Calculate r(x).
3
Let o(g) = 9*g + 21. Let t(c) = 25*c + 58. Let d(q) = 17*o(q) - 6*t(q). Give d(-12).
-27
Let x(y) = -189*y + 20. Let q(n) = -170*n + 18. Let v(i) = -10*q(i) + 9*x(i). Let h be 8/(-6)*(-9)/(-2). What is v(h)?
6
Let u(v) = 4*v**3 - 3*v**2 + 2*v - 4. Let c be u(2). Suppose 0 = 4*d + c. Let r(b) = -b**3 - 6*b**2 - 4*b. What is r(d)?
-5
Suppose -4*q = -0*q + 2*o, -2*q - 3*o - 8 = 0. Let x be 3 + (-3)/6*q. Let m(h) = 0*h**x - 3 - 2 - 2*h**2 + 3*h + 3*h**2. Determine m(-5).
5
Suppose 25*j - 70 = 15*j. Let f(y) = y**2 - 7*y - 7. What is f(j)?
-7
Let u = -25 - -29. Let b(s) be the first derivative of 0*s**2 + 2*s**2 - 1 + 1 + 2 + u*s. Give b(-3).
-8
Let o(h) be the second derivative of -5*h**3/3 - 3*h**2/2 + 51*h - 3. Give o(1).
-13
Let w(r) = -4 - 16 - 17 - 4*r + 35 - 5*r**2. Determine w(-2).
-14
Let v(i) = i**3 + 9*i**2 + 6. Suppose h = 2*h - 2*c - 1, -h + 4*c = -11. What is v(h)?
6
Suppose -5*u + 125 = -0. Let p = 22 - u. Let l(c) = c**2 + 0*c**2 + 3 + 0*c**2 + 5*c. Give l(p).
-3
Let n = 1 - 5. Let i = n + 6. Let l(x) = 5*x + i*x**3 - x**3 - 2*x**3 - 3. What is l(3)?
-15
Let i(h) = 79*h**3 + 8*h**2 + 7*h - 2. Let o(t) = 52*t**3 + 5*t**2 + 4*t - 1. Let w(j) = 5*i(j) - 8*o(j). Calculate w(1).
-20
Let l = 1177 - 1171. Let k(f) be the first derivative of -5/2*f**2 - 2*f + 1/3*f**3 - l. Give k(7).
12
Suppose -6*p + 27 + 45 = 0. Let y(v) = 18*v + 2 + 0 - p*v - 5. What is y(2)?
9
Let d(u) = 19*u**3 - 18*u**3 + u**2 - 2*u**2 - 10 + 12 + 15*u**2 + 13*u. Determine d(-13).
2
Let l = -279 + 277. Let q(u) = 2*u + 1. What is q(l)?
-3
Suppose 3*l + k + 4 = 10, -5*l = -4*k - 27. Let q(y) be the third derivative of 0 + 3/8*y**4 + y**2 - 5/3*y**l - 1/60*y**5 + 0*y. Determine q(7).
4
Suppose 3 = c - 3. Let p be (21/(-14))/(c/(-28)). Let o(m) = -11 + m**3 - 5*m + p*m**2 - 3*m + 16. What is o(-8)?
5
Let s be (-4)/(-8) + 5/2. Let j(z) be the first derivative of z**3/3 - z**2/2 + z - 3. Determine j(s).
7
Let i(j) be the first derivative of j**5/20 - j**4/2 - 5*j**3/6 - j**2 + 9*j - 5. Let t(p) be the first derivative of i(p). Give t(7).
12
Let w(p) = 26*p**2 + 4*p - 52*p**2 + 4 - p + 28*p**2. Suppose -15 = -c + 6*c. Calculate w(c).
13
Suppose -s - s + 2 = 0. Let i(j) = j**2 - j + 1. Let r(b) = -4*b**2 + 2*b - 2. Let x(a) = -8*i(a) - 4*r(a). What is x(s)?
8
Let i(t) = -2*t**2 - 34*t - 47. Let v(z) = z**2 + 17*z + 24. Let a(p) = -6*i(p) - 11*v(p). What is a(-16)?
2
Let g(i) be the first derivative of i**4/4 - 2*i**2 + 3*i + 1. Suppose -94*p + 315 = 127. Give g(p).
3
Let a = 32 - 28. Let i(h) = -4*h**2 - a + 24*h + 16*h - h**3 - 41*h. Give i(-4).
0
Let v(k) = -2*k + 6. Let l be v(-7). Let s(r) = 13 + 2 - l - r. Let i(w) = w**3 + 4*w**2 - 3*w + 6. Let u be i(-5). What is s(u)?
-1
Let p(a) = 0*a**2 + 17*a - 12*a - 7*a + a**2 + 1. Suppose -2*f - 24 = 5*q, -3*f + q + 10 = -3*q. Give p(f).
9
Let j(m) = 5*m**2 - 13*m - 121. Let q(i) = -3*i**2 + 6*i + 66. Let f(u) = -4*j(u) - 7*q(u). What is f(-10)?
22
Let k(l) = -5*l + 12. Let i(p) = 4*p - 8. Let q(h) = 7*i(h) + 5*k(h). Calculate q(-6).
-14
Let f be 0/((-10)/5*-2 - 5). Let q(c) = 6*c - 5. Give q(f).
-5
Let f(y) = 2*y**2 - y + 31. Let x(b) = -b**2 + b - 15. Let a(d) = -6*f(d) - 13*x(d). Let s = -88 - -166. Let l = s + -72. Give a(l).
3
Let t(q) = -q**3 - 3*q**2. Let a be 6/27 + (-137)/9. Let n = a - -12. Give t(n).
0
Let s(w) = 158*w - 21. Let a(c) = 86*c - 11. Let m(j) = 11*a(j) - 6*s(j). Suppose -4*l + 2*n = 3*n - 44, -16 = -3*l - 5*n. Suppose -x = x - l. Give m(x).
-7
Suppose 8*m + 440 - 432 = 0. Let z(y) be the third derivative of -7*y**4/24 + y**3/6 - y**2. Calculate z(m).
8
Let q(a) be the second derivative of -3*a**3/2 + a**2 + 93*a. Give q(-2).
20
Let h be (-1)/2 + (-1)/2. Let a(i) be the second derivative of -7*i**4/6 + i**3/6 + i**2/2 - 939*i. Calculate a(h).
-14
Let a = 1623 - 1625. Let o(w) = -4*w**2 + 3*w + 1. Determine o(a).
-21
Let l(x) be the third derivative of 0*x**4 + 0*x - x**2 + 0 + 0*x**3 - 11/60*x**5. Let h = -137 - -136. Calculate l(h).
-11
Let z(q) = -q**2 + 6*q - 9. Let c = 3 - 3. Suppose 4*u - 4*h = 16, c*u + 3*h = u. Calculate z(u).
-9
Suppose 0 = 15*d - 29*d - 56. Let z(j) = j**3 + 2*j**2 - j + 2. What is z(d)?
-26
Let n(j) be the first derivative of j**4/4 - 3*j**3 + j**2 - 9*j + 243. Calculate n(9).
9
Let f(w) = w**2 - 4*w - 2. Let j(t) = t**2 - 4*t - 2. Let x(l) = l**3 - 2*l**2 + 3*l - 2. Let y be x(2). Let p(h) = y*j(h) - 5*f(h). Determine p(3).
5
Let a(m) be the third derivative of m**6/120 - m**5/10 + m**4/4 + m**3/6 - m**2. Suppose 6*h - 2*h - 20 = 0. Suppose 15*i - 14*i = h. Give a(i).
6
Let q(z) = -5 + z - z + 2*z. Let m = -3803 + 3808. Calculate q(m).
5
Suppose 4*i + 5*n + 156 = 153, -23 = -2*i + n. Let h(j) be the second derivative of j**3/6 - 3*j**2 + 2*j. Give h(i).
2
Let g(f) = -5 - 10 + 0*f - 6*f**2 + 14*f. Let r(n) = 2*n**2 - 5*n + 5. Let d(u) = -2*g(u) - 7*r(u). What is d(4)?
-9
Let r(b) = -13*b**3 + 17*b**2 + 6*b. Let v(l) = 7*l**3 - 9*l**2 - 3*l. Let f(a) = -6*r(a) - 11*v(a). Let y = 15 + -11. Calculate f(y).
4
Let y(i) = -234 + i**3 - 2*i + 228 + 0*i**3 - 5*i**2. Determine y(6).
18
Let j(s) be the third derivative of -s**6/120 - s**5/12 + s**4/24 + s**3/6 + s**2 + 46. Give j(-4).
-19
Let g(r) = -r**3 + 2. Let a be g(0). Let w(j) = j - 3 - a + 1 + 6. Suppose 57*s + 47 + 67 = 0. Calculate w(s).
0
Let p(l) = -49*l**3 + l**2 - 8*l + 3. Let a(k) = 49*k**3 - k**2 + 6*k - 2. Let u(q) = 4*a(q) + 3*p(q). Determine u(1).
49
Let c be 36/2*((-45)/(-10) + -5). Let j(o) = 2*o**2 + 19*o + 5. Calculate j(c).
-4
Let k(l) be the second derivative of -l**3/3 - 3*l**2 + 109*l - 1. Calculate k(-5).
4
Let h = 110 - 43. Let d = 67 - h. Let w(s) = -s**3 - s**2 + s - 1. Give w(d).
-1
Let m(c) = 2*c - 33. Let s = 1353 - 1342. What is m(s)?
-11
Let p(j) = -5*j + 4 + 3*j + 7*j. Let d be (-8)/(-36) - (-342)/(-81). Calculate p(d).
-16
Let m(z) = -1188*z**2 - z**3 + 4*z - 2 + 1194*z**2 - z. Suppose -2*n = -4*g - 3 + 29, 5*g - 25 = -5*n. Calculate m(g).
16
Let n(r) be the second derivative of r**4/12 - 5*r**3/6 - 3*r**2/2 - 2*r. Let v = 561 + -555. Calculate n(v).
3
Let f(i) = -i**2 + 5*i - 5. Suppose -w = 3*y - 7*y + 9, 4*w + 2*y - 18 = 0. Suppose -w*v + 1 = -8. Suppose 3*d = -3*g - g + 38, -8 = -v*d + 2*g. What is f(d)?
-11
Let f(m) = 3*m**3 + 9*m**2 + 7*m - 3. Let v be -3 + (-16)/6*-3. Let w(z) = -2*z**3 - 4*z**2 - 4*z + 1. Let n(r) = v*w(r) + 3*f(r). Determine n(7).
3
Suppose 0 = -3*u - 2*x + 5, 0 = -30*x + 32*x - 2. Let i(z) = z + 4. What is i(u)?
5
Let h(z) = 2 + 2*z - z**2 - 2*z. Let l be ((20/(-6))/(-5))/((-1)/(-6)). Let j(q) = -q**2 + 2*q + 4. Let c be j(l). Give h(c).
-14
Let i = 5 + 10. Let v(y) = -y**2 + 1 + i - 3 - 10 + y. What is v(-3)?
-9
Let a(l) = 12*l - 24*l - 3 + 9 - 7*l**2 + 5*l + l**3. What is a(8)?
14
Let i(f) = -f**3 - 2*f**2 + f - 1. Let n be i(-2). Let y(c) = -c**2 + 10*c - 1. Let p(v) = -2*v**2 + 11*v - 1. Let x(o) = n*p(o) + 4*y(o). Calculate x(-5).
14
Let i(x) = -2*x**2 + 7*x - 6. Let h = -500 - -499. Let c(g) = 8*g**2 - g. Let l(p) = -9*p**2 + p. Let q(w) = 6*c(w) + 5*l(w). Let y be q(h). Calculate i(y).
-10
Let o be (-9)/(-6)*(-14)/3 + -4. 